{"id":760,"date":"2016-09-12T23:47:16","date_gmt":"2016-09-12T23:47:16","guid":{"rendered":"http:\/\/halley.uis.edu.co\/clases\/lnunez\/?page_id=760"},"modified":"2016-09-12T23:47:16","modified_gmt":"2016-09-12T23:47:16","slug":"diplomado-en-astronomia-2016","status":"publish","type":"page","link":"https:\/\/halley.uis.edu.co\/clases\/lnunez\/?page_id=760","title":{"rendered":"Diplomado en Astronom\u00eda 2016"},"content":{"rendered":"<h1><strong>DIPLOMADO EN ASTRONOM\u00cdA, ASTROF\u00cdSICA Y CIENCIAS ESPACIALES<\/strong><\/h1>\n<p>Impulsado por el Grupo Halley de Astronom\u00eda y Ciencias Aeroespaciales y como parte de las labores de extensi\u00f3n de la Escuela de F\u00edsica, del Grupo de Investigaciones en Relatividad y Gravitaci\u00f3n, GIRG, hemos dise\u00f1ado un Diplomado en Astronom\u00eda, Astrof\u00edsica y Ciencias Espaciales.<\/p>\n<p>El Diplomado, proporciona una oportunidad \u00fanica para que los profesionales y estudiantes puedan actualizar su cultura en este apasionante tema, bien sea por inter\u00e9s personal, por razones profesionales en general o como un primer paso hacia una carrera profesional en Astrof\u00edsica. El programa acad\u00e9mico, no s\u00f3lo brinda a los estudiantes una visi\u00f3n detallada de los conceptos fundamentales de Astronom\u00eda y de una constante puesta al d\u00eda de las \u00faltimas novedades en la investigaci\u00f3n, sino que tambi\u00e9n provee las herramientas conceptuales y t\u00e9cnicas para la utilizaci\u00f3n de escenarios astron\u00f3micos en la ense\u00f1anza de las ciencias b\u00e1sicas, en los niveles de educaci\u00f3n primaria y secundaria.<\/p>\n<p>El Diplomado se compone de cuatro m\u00f3dulos independientes respecto a las tem\u00e1ticas pero complementarios en cuanto al nivel de formaci\u00f3n que se busca lograr en los asistentes. Cada m\u00f3dulo tiene una duraci\u00f3n de 30 horas te\u00f3rico-pr\u00e1cticas y ser\u00e1 dirigido por un acad\u00e9mico experto en el \u00e1rea. Los temas fundamentales por m\u00f3dulo son los siguientes:<\/p>\n<ul>\n<li>Primer m\u00f3dulo: Cosmolog\u00eda.<\/li>\n<li>Segundo m\u00f3dulo: Sistema solar, Extrasolares y Exobiolog\u00eda.<\/li>\n<li>Tercer m\u00f3dulo: T\u00e9cnicas de reducci\u00f3n y An\u00e1lisis de datos.<\/li>\n<li>Cuarto m\u00f3dulo: Observaci\u00f3n con telescopios, Instrumentaci\u00f3n y T\u00e9cnicas instrumentales.<\/li>\n<\/ul>\n<h2><strong>M\u00d3DULO 1. EL UNIVERSO Y SUS INTIMIDADES<\/strong><\/h2>\n<p>En este m\u00f3dulo se realizar\u00e1 un recorrido por las diferentes facetas del Universo. Desde el Big Bang y la formaci\u00f3n de las part\u00edculas subat\u00f3micas, su expansi\u00f3n, la formaci\u00f3n de estrellas y galaxias y su posible destino. Veremos la maquinaria de los sistemas planetarios, por qu\u00e9 brillan las estrellas, qu\u00e9 son las supernovas, las enanas blancas, las estrellas neutr\u00f3nicas y los agujeros negros. De d\u00f3nde sali\u00f3 la materia que nos compone, qu\u00e9 son las galaxias, c\u00f3mo sabemos que el universo se expande y a qu\u00e9 llamamos materia oscura y energ\u00eda oscura.<\/p>\n<p><a href=\"http:\/\/halley.uis.edu.co\/clases\/lnunez\/wp-content\/uploads\/2016\/09\/citations.jpeg\" rel=\"attachment wp-att-764\"><img loading=\"lazy\" decoding=\"async\" class=\"size-medium wp-image-764 alignright\" src=\"http:\/\/halley.uis.edu.co\/clases\/lnunez\/wp-content\/uploads\/2016\/09\/citations-213x300.jpeg\" alt=\"citations\" width=\"213\" height=\"300\" \/><\/a><\/p>\n<p>El m\u00f3dulo ser\u00e1 dirigido por <strong>H\u00e9ctor Rago \u2013 PhD<\/strong><\/p>\n<ul>\n<li>Doctor en Ciencias Menci\u00f3n F\u00edsica (Universidad Central de Venezuela Caracas- Venezuela 1988).<\/li>\n<li>Profesor Titular, Universidad de los Andes, M\u00e9rida, Venezuela actualmente jubilado.<\/li>\n<li>\u00c9nfasis en la divulgaci\u00f3n cient\u00edfica en \u00e1reas como Relatividad, Cosmolog\u00eda, Astrof\u00edsica.<\/li>\n<li>Creador\u00a0\u00a0de programa de micros radiales y blog de Astronom\u00eda al Aire (<a href=\"http:\/\/halley.uis.edu.co\/aire\">http:\/\/halley.uis.edu.co\/aire<\/a>) orientado a crear cultura cient\u00edfica a trav\u00e9s de la divulgaci\u00f3n de temas como Leyes F\u00edsica, Astronom\u00eda, Astrof\u00edsica, Gravitaci\u00f3n, F\u00edsica de Altas Energ\u00edas y similares, como comunicaci\u00f3n de la ciencia a la ciudadan\u00eda en general, dentro de la promoci\u00f3n de la Astronom\u00eda y la Astrof\u00edsica en el Oriente Colombiano.<\/li>\n<\/ul>\n<p><a href=\"http:\/\/halley.uis.edu.co\/clases\/lnunez\/wp-content\/uploads\/2016\/09\/Screenshot-2016-09-12-18.38.19.png\" rel=\"attachment wp-att-763\"><img loading=\"lazy\" decoding=\"async\" class=\"size-medium wp-image-763 aligncenter\" src=\"http:\/\/halley.uis.edu.co\/clases\/lnunez\/wp-content\/uploads\/2016\/09\/Screenshot-2016-09-12-18.38.19-288x300.png\" alt=\"Screenshot 2016-09-12 18.38.19\" width=\"288\" height=\"300\" srcset=\"https:\/\/halley.uis.edu.co\/clases\/lnunez\/wp-content\/uploads\/2016\/09\/Screenshot-2016-09-12-18.38.19-288x300.png 288w, https:\/\/halley.uis.edu.co\/clases\/lnunez\/wp-content\/uploads\/2016\/09\/Screenshot-2016-09-12-18.38.19-768x801.png 768w, https:\/\/halley.uis.edu.co\/clases\/lnunez\/wp-content\/uploads\/2016\/09\/Screenshot-2016-09-12-18.38.19-982x1024.png 982w, https:\/\/halley.uis.edu.co\/clases\/lnunez\/wp-content\/uploads\/2016\/09\/Screenshot-2016-09-12-18.38.19.png 1261w\" sizes=\"auto, (max-width: 288px) 100vw, 288px\" \/><\/a><\/p>\n<ul>\n<li>\n<h3><strong>Datos Generales del M\u00f3dulo 1<\/strong><strong>\u00a0<\/strong><\/h3>\n<\/li>\n<\/ul>\n<table>\n<tbody>\n<tr>\n<td width=\"183\"><strong>Duraci\u00f3n del M\u00f3dulo 1:<\/strong><\/td>\n<td width=\"237\"><strong>30 horas<\/strong><\/td>\n<\/tr>\n<tr>\n<td width=\"183\"><strong>Dedicaci\u00f3n:<\/strong><\/td>\n<td width=\"237\"><strong>S\u00e1bados de 9:00 a.m. a 1:00 p.m.<\/strong><\/td>\n<\/tr>\n<tr>\n<td width=\"183\"><strong>Metodolog\u00eda:<\/strong><\/td>\n<td width=\"237\"><strong>Presencial<\/strong><\/td>\n<\/tr>\n<tr>\n<td width=\"183\"><strong>N\u00famero de cr\u00e9ditos acad\u00e9micos:<\/strong><\/td>\n<td width=\"237\"><strong>Te\u00f3rico-Pr\u00e1ctica-Trabajo individual<\/strong><\/td>\n<\/tr>\n<tr>\n<td width=\"183\"><strong>T\u00edtulo que se otorga:<\/strong><\/td>\n<td width=\"237\"><strong>DIPLOMADO EN ASTRONOM\u00cdA, ASTROF\u00cdSICA Y CIENCIAS ESPECIALES \u2013 M\u00d3DULO 1<\/strong><\/td>\n<\/tr>\n<tr>\n<td width=\"183\"><strong>N\u00famero de cupos por cohorte:<\/strong><\/td>\n<td width=\"237\"><strong>20<\/strong><\/td>\n<\/tr>\n<tr>\n<td width=\"183\"><strong>Valor total de inscripci\u00f3n, matr\u00edcula y derechos acad\u00e9micos:<\/strong><\/td>\n<td width=\"237\"><strong>$400.000<\/strong><\/td>\n<\/tr>\n<\/tbody>\n<\/table>\n<p>&nbsp;<\/p>\n<ul>\n<li>\n<h2><strong>Requisitos para la inscripci\u00f3n al Programa.<\/strong><\/h2>\n<\/li>\n<\/ul>\n<ol>\n<li>Diligenciar el formulario de inscripci\u00f3n<\/li>\n<li>Fotocopia del Documento de Identidad.<\/li>\n<li>Copia de Diploma de Grado (Para T\u00e9cnicos, Tecn\u00f3logos y Profesionales).<\/li>\n<li>Si es estudiante UIS, traer fotocopia del pol\u00edgrafo y del carnet estudiantil.<\/li>\n<li>Si es estudiante de colegio, traer certificado de estudio<\/li>\n<\/ol>\n<p>Recibo de pago por valor de cuatrocientos mil pesos ($400.000).<\/p>\n<p><strong>Nota:<\/strong> Los documentos presentados no se devuelven al aspirante; el pago de la inscripci\u00f3n no es reembolsable.<\/p>\n<h3><strong>FECHAS PROCESO DE ADMISI\u00d3N PARA EL CICLO I DE 2016<\/strong><\/h3>\n<p>&nbsp;<\/p>\n<table width=\"424\">\n<tbody>\n<tr>\n<td width=\"234\"><strong><em>EVENTO<\/em><\/strong><\/td>\n<td width=\"190\"><strong><em>FECHA<\/em><\/strong><\/td>\n<\/tr>\n<tr>\n<td width=\"234\"><strong>Inscripciones:<\/strong><\/td>\n<td width=\"190\"><strong>Agosto 22 a Octubre 14<\/strong><\/td>\n<\/tr>\n<tr>\n<td width=\"234\"><strong>Descarga de recibos de recaudo y pago de matr\u00edcula:<\/strong><\/td>\n<td width=\"190\"><strong>Agosto 22 a Octubre 14<\/strong><\/td>\n<\/tr>\n<tr>\n<td width=\"234\"><strong>Matr\u00edcula acad\u00e9mica:<\/strong><\/td>\n<td width=\"190\"><strong>Agosto 22 a Octubre 21<\/strong><\/td>\n<\/tr>\n<tr>\n<td width=\"234\"><strong>Iniciaci\u00f3n de clases CICLO I de 2016:<\/strong><\/td>\n<td width=\"190\"><strong>Octubre 22<\/strong><\/td>\n<\/tr>\n<\/tbody>\n<\/table>\n<p><strong>\u00a0<\/strong><strong>\u00a0<\/strong><\/p>\n<p><strong>Grupo Halley de Astronom\u00eda y Ciencias Aeroespaciales<\/strong><\/p>\n<p>Universidad Industrial de Santander<\/p>\n<p>Ciudadela universitaria, calle 9 con carrera 27, Bucaramanga Colombia, edificio de Ciencias Humanas, oficina 504.<\/p>\n<p>Tel\u00e9fono: (57 7) 6344000 ext. 2741<\/p>\n<p>Correo: halley@uis.edu.co<\/p>\n","protected":false},"excerpt":{"rendered":"<p>DIPLOMADO EN ASTRONOM\u00cdA, ASTROF\u00cdSICA Y CIENCIAS ESPACIALES Impulsado por el Grupo Halley de Astronom\u00eda y Ciencias Aeroespaciales y como parte de las labores de extensi\u00f3n de la Escuela de F\u00edsica, del Grupo de Investigaciones en Relatividad y Gravitaci\u00f3n, GIRG, hemos &hellip; <a href=\"https:\/\/halley.uis.edu.co\/clases\/lnunez\/?page_id=760\">Sigue leyendo <span class=\"meta-nav\">&rarr;<\/span><\/a><\/p>\n","protected":false},"author":1,"featured_media":0,"parent":0,"menu_order":0,"comment_status":"closed","ping_status":"closed","template":"","meta":{"_exactmetrics_skip_tracking":false,"_exactmetrics_sitenote_active":false,"_exactmetrics_sitenote_note":"","_exactmetrics_sitenote_category":0,"footnotes":""},"class_list":["post-760","page","type-page","status-publish","hentry"],"_links":{"self":[{"href":"https:\/\/halley.uis.edu.co\/clases\/lnunez\/index.php?rest_route=\/wp\/v2\/pages\/760","targetHints":{"allow":["GET"]}}],"collection":[{"href":"https:\/\/halley.uis.edu.co\/clases\/lnunez\/index.php?rest_route=\/wp\/v2\/pages"}],"about":[{"href":"https:\/\/halley.uis.edu.co\/clases\/lnunez\/index.php?rest_route=\/wp\/v2\/types\/page"}],"author":[{"embeddable":true,"href":"https:\/\/halley.uis.edu.co\/clases\/lnunez\/index.php?rest_route=\/wp\/v2\/users\/1"}],"replies":[{"embeddable":true,"href":"https:\/\/halley.uis.edu.co\/clases\/lnunez\/index.php?rest_route=%2Fwp%2Fv2%2Fcomments&post=760"}],"version-history":[{"count":4,"href":"https:\/\/halley.uis.edu.co\/clases\/lnunez\/index.php?rest_route=\/wp\/v2\/pages\/760\/revisions"}],"predecessor-version":[{"id":850,"href":"https:\/\/halley.uis.edu.co\/clases\/lnunez\/index.php?rest_route=\/wp\/v2\/pages\/760\/revisions\/850"}],"wp:attachment":[{"href":"https:\/\/halley.uis.edu.co\/clases\/lnunez\/index.php?rest_route=%2Fwp%2Fv2%2Fmedia&parent=760"}],"curies":[{"name":"wp","href":"https:\/\/api.w.org\/{rel}","templated":true}]}}