{"id":508,"date":"2015-06-26T14:11:18","date_gmt":"2015-06-26T14:11:18","guid":{"rendered":"http:\/\/halley.uis.edu.co\/clases\/lnunez\/?page_id=508"},"modified":"2015-06-26T14:41:19","modified_gmt":"2015-06-26T14:41:20","slug":"que-es-el-algebra-espaciotemporal-y-como-se-come","status":"publish","type":"page","link":"https:\/\/halley.uis.edu.co\/clases\/lnunez\/?page_id=508","title":{"rendered":"\u00bfQu\u00e9 es el \u00e1lgebra espaciotemporal y c\u00f3mo se come?"},"content":{"rendered":"<p>En este ejercicio se pretende que en grupos de 3 estudiantes generen un documento tipo reporte en el cual presenten qu\u00e9 es el \u00e1lgebra espacio temporal y cu\u00e1les han sido su importancia y aplicaciones. El modelo del reporte est\u00e1 contenido en este <a href=\"http:\/\/halley.uis.edu.co\/clases\/lnunez\/?page_id=251\">blog<\/a><\/p>\n<h2>Fechas Claves<\/h2>\n<ul>\n<li>12Julio entrega de la presentaci\u00f3n<\/li>\n<li>14 Julio Sustentaci\u00f3n avance<\/li>\n<li>2 Agosto entrega Reporte<\/li>\n<li>4 Agosto Sutentaci\u00f3n<\/li>\n<\/ul>\n<h2>Bibliograf\u00eda sugerida<\/h2>\n<ul>\n<li>\u00a0Dressel, Justin, Konstantin Y. Bliokh, and Franco Nori. \u00abSpacetime algebra as a powerful tool for electromagnetism.\u00bb\u00a0<i>arXiv preprint arXiv:1411.5002<\/i>(2014).<\/li>\n<li>Ferreira, GF Leal. \u00abUma mini-introdu\u00e7\u00e3o \u00e0 concisa \u00e1lgebra geom\u00e9trica do eletromagnetismo.\u00bb\u00a0<i>Revista Brasileira de Ensino de F\u00edsica<\/i>\u00a028.4 (2006): 441-443.<\/li>\n<li>Baylis, William E. \u00abRelativity in introductory physics.\u00bb<i>Canadian journal of physics<\/i>\u00a082.11 (2004): 853-873.<\/li>\n<li>Hestenes, David. \u00abSpacetime physics with geometric algebra.\u00bb\u00a0<i>American Journal of Physics<\/i>\u00a071.7 (2003): 691-714.<\/li>\n<li>Hestenes, David. \u00abOersted Medal Lecture 2002: Reforming the mathematical language of physics.\u00bb<i>American Journal of Physics<\/i>\u00a071.2 (2003): 104-121.<\/li>\n<li>Hestenes, David. \u00abVectors, spinors, and complex numbers in classical and quantum physics.\u00bb\u00a0<i>Am. J. Phys<\/i>\u00a039.9 (1971): 1013-1027.<\/li>\n<\/ul>\n","protected":false},"excerpt":{"rendered":"<p>En este ejercicio se pretende que en grupos de 3 estudiantes generen un documento tipo reporte en el cual presenten qu\u00e9 es el \u00e1lgebra espacio temporal y cu\u00e1les han sido su importancia y aplicaciones. El modelo del reporte est\u00e1 contenido &hellip; <a href=\"https:\/\/halley.uis.edu.co\/clases\/lnunez\/?page_id=508\">Sigue leyendo <span class=\"meta-nav\">&rarr;<\/span><\/a><\/p>\n","protected":false},"author":1,"featured_media":0,"parent":465,"menu_order":0,"comment_status":"open","ping_status":"open","template":"","meta":{"_exactmetrics_skip_tracking":false,"_exactmetrics_sitenote_active":false,"_exactmetrics_sitenote_note":"","_exactmetrics_sitenote_category":0,"footnotes":""},"class_list":["post-508","page","type-page","status-publish","hentry"],"_links":{"self":[{"href":"https:\/\/halley.uis.edu.co\/clases\/lnunez\/index.php?rest_route=\/wp\/v2\/pages\/508","targetHints":{"allow":["GET"]}}],"collection":[{"href":"https:\/\/halley.uis.edu.co\/clases\/lnunez\/index.php?rest_route=\/wp\/v2\/pages"}],"about":[{"href":"https:\/\/halley.uis.edu.co\/clases\/lnunez\/index.php?rest_route=\/wp\/v2\/types\/page"}],"author":[{"embeddable":true,"href":"https:\/\/halley.uis.edu.co\/clases\/lnunez\/index.php?rest_route=\/wp\/v2\/users\/1"}],"replies":[{"embeddable":true,"href":"https:\/\/halley.uis.edu.co\/clases\/lnunez\/index.php?rest_route=%2Fwp%2Fv2%2Fcomments&post=508"}],"version-history":[{"count":9,"href":"https:\/\/halley.uis.edu.co\/clases\/lnunez\/index.php?rest_route=\/wp\/v2\/pages\/508\/revisions"}],"predecessor-version":[{"id":519,"href":"https:\/\/halley.uis.edu.co\/clases\/lnunez\/index.php?rest_route=\/wp\/v2\/pages\/508\/revisions\/519"}],"up":[{"embeddable":true,"href":"https:\/\/halley.uis.edu.co\/clases\/lnunez\/index.php?rest_route=\/wp\/v2\/pages\/465"}],"wp:attachment":[{"href":"https:\/\/halley.uis.edu.co\/clases\/lnunez\/index.php?rest_route=%2Fwp%2Fv2%2Fmedia&parent=508"}],"curies":[{"name":"wp","href":"https:\/\/api.w.org\/{rel}","templated":true}]}}