{"id":274,"date":"2014-08-06T21:35:54","date_gmt":"2014-08-06T21:35:54","guid":{"rendered":"http:\/\/halley.uis.edu.co\/clases\/lnunez\/?page_id=274"},"modified":"2014-08-07T12:10:40","modified_gmt":"2014-08-07T12:10:40","slug":"diplomado-en-astronomia","status":"publish","type":"page","link":"https:\/\/halley.uis.edu.co\/clases\/lnunez\/?page_id=274","title":{"rendered":"Diplomado en Astronom\u00eda"},"content":{"rendered":"<h1>Justificaci\u00f3n Social<\/h1>\n<p>La Astronom\u00eda amalgama de forma \u00fanica ciencia y\u00a0 tecnolog\u00eda con la seducci\u00f3n del cosmos. Esta combinaci\u00f3n desempe\u00f1a un papel \u00fanico que impulsa la cultura cient\u00edfico-t\u00e9cnica de la sociedad,\u00a0 creando capacidades promoviendo su desarrollo sostenible. Esta disciplina congrega en torno a s\u00ed a un gran n\u00famero de talentosos cient\u00edficos, creativos ingenieros e inquietos docentes. La Astronom\u00eda seduce e integra talentos, por ello su promoci\u00f3n e impulso ha sido vinculada al desarrollo de los pa\u00edses. Esta asociaci\u00f3n est\u00e1 claramente planteada en el reciente plan estrat\u00e9gico <a href=\"http:\/\/iau.org\/static\/education\/strategicplan_2010-2020.pdf\">2010-2020 de la Uni\u00f3n Astron\u00f3mica<\/a> Internacional generado a partir del a\u00f1o internacional de la Astronom\u00eda<\/p>\n<p><a href=\"http:\/\/halley.uis.edu.co\/clases\/lnunez\/wp-content\/uploads\/2014\/08\/Screenshot-2014-08-06-16.43.10.png\"><img loading=\"lazy\" decoding=\"async\" class=\"size-medium wp-image-280 alignright\" title=\"Relaciones de la Astronom\u00eda con otras actividades de la Sociedad\" alt=\"Screenshot 2014-08-06 16.43.10\" src=\"http:\/\/halley.uis.edu.co\/clases\/lnunez\/wp-content\/uploads\/2014\/08\/Screenshot-2014-08-06-16.43.10-275x300.png\" width=\"275\" height=\"300\" srcset=\"https:\/\/halley.uis.edu.co\/clases\/lnunez\/wp-content\/uploads\/2014\/08\/Screenshot-2014-08-06-16.43.10-275x300.png 275w, https:\/\/halley.uis.edu.co\/clases\/lnunez\/wp-content\/uploads\/2014\/08\/Screenshot-2014-08-06-16.43.10.png 909w\" sizes=\"auto, (max-width: 275px) 100vw, 275px\" \/><\/a><\/p>\n<p>Parte importante de este v\u00ednculo entre Astronom\u00eda y desarrollo social lo constituye el desarrollo de una cultura cient\u00edfico-t\u00e9cnica en la sociedad. Mientras m\u00e1s culta sea una sociedad, \u00a0mientras m\u00e1s capaz sea su ciudadan\u00eda de comprender a sus investigadores \u00a0y su oficio, m\u00e1s posibilidades tendr\u00e1 esa sociedad de incorporar el motor de la innovaci\u00f3n en su cotidianidad. \u00a0Estamos convencidos que, construir una s\u00f3lida formaci\u00f3n en ciencias naturales en todos los niveles de la educaci\u00f3n, puede generar ese aumento de la cultura cient\u00edfica que estamos buscando. Sin duda, otra vez, la Astronom\u00eda brinda esa motivaci\u00f3n en pr\u00e1cticamente todas las disciplinas. Por lo tanto, capacitar a los docentes de primaria y secundaria en los conocimientos b\u00e1sicos de Astronom\u00eda brindar\u00e1 esa plataforma para incrementar una cultura social de la ciencia. Esta tendencia de capacitar docentes de ciencias naturales a trav\u00e9s de programas de diplomados o certificados de extensi\u00f3n es una tendencia cada vez m\u00e1s frecuente en \u00e1mbitos internacionales.<\/p>\n<p style=\"text-align: center;\"><a href=\"http:\/\/halley.uis.edu.co\/clases\/lnunez\/wp-content\/uploads\/2014\/08\/BrZCDQZIgAApOdi.jpg\"><img loading=\"lazy\" decoding=\"async\" class=\"size-medium wp-image-296 aligncenter\" alt=\"BrZCDQZIgAApOdi\" src=\"http:\/\/halley.uis.edu.co\/clases\/lnunez\/wp-content\/uploads\/2014\/08\/BrZCDQZIgAApOdi-300x223.jpg\" width=\"300\" height=\"223\" srcset=\"https:\/\/halley.uis.edu.co\/clases\/lnunez\/wp-content\/uploads\/2014\/08\/BrZCDQZIgAApOdi-300x223.jpg 300w, https:\/\/halley.uis.edu.co\/clases\/lnunez\/wp-content\/uploads\/2014\/08\/BrZCDQZIgAApOdi.jpg 599w\" sizes=\"auto, (max-width: 300px) 100vw, 300px\" \/><\/a><\/p>\n<h1>El Diplomado<\/h1>\n<p>El Diplomado en Astronom\u00eda, Astrof\u00edsica y Ciencias Espaciales proporciona una oportunidad \u00fanica para que los profesionales puedan actualizar su cultura en este apasionante tema, bien sea por inter\u00e9s personal, por razones profesionales en general o, como un primer paso hacia una carrera en Astrof\u00edsica.<\/p>\n<p><img loading=\"lazy\" decoding=\"async\" class=\"size-medium wp-image-284 alignleft\" alt=\"DiplomadoAstronomiaMed\" src=\"http:\/\/halley.uis.edu.co\/clases\/lnunez\/wp-content\/uploads\/2014\/08\/DiplomadoAstronomiaMed-269x300.jpg\" width=\"269\" height=\"300\" srcset=\"https:\/\/halley.uis.edu.co\/clases\/lnunez\/wp-content\/uploads\/2014\/08\/DiplomadoAstronomiaMed-269x300.jpg 269w, https:\/\/halley.uis.edu.co\/clases\/lnunez\/wp-content\/uploads\/2014\/08\/DiplomadoAstronomiaMed-918x1024.jpg 918w\" sizes=\"auto, (max-width: 269px) 100vw, 269px\" \/><\/p>\n<p>El programa acad\u00e9mico, no s\u00f3lo brinda a los estudiantes una visi\u00f3n detallada de los conceptos fundamentales de Astronom\u00eda y de una constante puesta al d\u00eda de las \u00faltimas novedades en la investigaci\u00f3n, sino que tambi\u00e9n provee las herramientas conceptuales y t\u00e9cnicas para la utilizaci\u00f3n de escenarios astron\u00f3micos en la ense\u00f1anza de las ciencias b\u00e1sicas en los niveles de educaci\u00f3n primaria y secundaria.<\/p>\n<p>Todo profesional con t\u00edtulo aceptado en Colombia puede realizar el diplomado. Estudiantes universitarios avanzados tambi\u00e9n ser\u00e1n aceptados. \u00a0Se recomienda especialmente para los profesores o tutores, que incluyen en su labor el estudio de las ciencias naturales y espaciales.<\/p>\n<p>El costo del diplomado es de dos salarios m\u00ednimos legales vigentes. Los miembros de la comunidad UIS (profesores, empleados, estudiantes y egresados) tendr\u00e1n un 10\n<p><strong>Informaci\u00f3n e Inscripciones:<\/strong><\/p>\n<p>Escuela de F\u00edsica<br \/>\nUniversidad Industrial de Santander<br \/>\nTelf +57 7 6344000 ext 2394<br \/>\ndocfis@uis.edu.co<\/p>\n<p style=\"text-align: center;\"><a href=\"http:\/\/halley.uis.edu.co\/clases\/lnunez\/wp-content\/uploads\/2014\/08\/BrochureDiplomado1.png\"><img loading=\"lazy\" decoding=\"async\" class=\"size-medium wp-image-290 aligncenter\" alt=\"BrochureDiplomado1\" src=\"http:\/\/halley.uis.edu.co\/clases\/lnunez\/wp-content\/uploads\/2014\/08\/BrochureDiplomado1-300x196.png\" width=\"300\" height=\"196\" srcset=\"https:\/\/halley.uis.edu.co\/clases\/lnunez\/wp-content\/uploads\/2014\/08\/BrochureDiplomado1-300x196.png 300w, https:\/\/halley.uis.edu.co\/clases\/lnunez\/wp-content\/uploads\/2014\/08\/BrochureDiplomado1-1024x669.png 1024w, https:\/\/halley.uis.edu.co\/clases\/lnunez\/wp-content\/uploads\/2014\/08\/BrochureDiplomado1.png 1950w\" sizes=\"auto, (max-width: 300px) 100vw, 300px\" \/><\/a><\/p>\n<h1>El programa acad\u00e9mico<\/h1>\n<p>El diplomando consta de 120 horas te\u00f3rico-pr\u00e1cticas que comprenden: 90 horas de trabajo acompa\u00f1ado por el docente (TAD) y 30 horas de trabajo independiente (TI). \u00a0Las horas TAD se distribuyen en siete m\u00f3dulos as\u00ed:<\/p>\n<ol>\n<li><strong>Conceptos Fundamentales en Astrof\u00edsica<\/strong> (30h) Este m\u00f3dulo busca proveer los conceptos fundamentales para entender la estructura de las estrellas y sus ciclos de vida, las galaxias y el origen y evoluci\u00f3n de nuestro universo. Al finalizar este m\u00f3dulo el participante estar\u00e1 en capacidad de dominar los conceptos elementales de Astronom\u00eda de posici\u00f3n y los rudimentos astrof\u00edsicos que le permitan describir la evoluci\u00f3n de los objetos estelares.<\/li>\n<li><strong>Los datos y la nueva Astronom\u00eda<\/strong> (10h) Este m\u00f3dulo se propone proveer los fundamentos de la utilizaci\u00f3n intensiva de datos en Astronom\u00eda. Se cubrir\u00e1n los conceptos de programaci\u00f3n en Python y su utilizaci\u00f3n para la captura e interpretaci\u00f3n de datos astron\u00f3micos. Al finalizar este m\u00f3dulo el participante podr\u00e1 desarrollar programas inform\u00e1ticos simples en Python que le permitir\u00e1n realizar tratamientos elementales de datos.<\/li>\n<li><strong>Comunicaci\u00f3n de la Ciencia en el siglo XXI<\/strong> (10h) Este m\u00f3dulo provee los esquemas conceptuales de c\u00f3mo manejar la nueva comunicaci\u00f3n en estos tiempos. C\u00f3mo gestionar comunidades virtuales a trav\u00e9s de las redes sociales, c\u00f3mo organizar blogs cient\u00edficos y c\u00f3mo generar iniciativas que promuevan la ciencia ciudadana. Al finalizar este m\u00f3dulo el participante estar\u00e1 en capacidad de desarrollar una estrategia de divulgaci\u00f3n del conocimiento a trav\u00e9s de redes sociales y construir un blog cient\u00edfico.<\/li>\n<li><strong>Astronom\u00eda Instrumental<\/strong> (10h) Este m\u00f3dulo aspira proveer la fundamentaci\u00f3n t\u00e9cnica del instrumental \u00f3ptico utilizado para la observaci\u00f3n astron\u00f3mica. En este sentido se presentar\u00e1n los conceptos y t\u00e9cnicas que presentan los distintos telescopios \u00f3pticos, sus alcances y limitaciones para realizar observaciones. Al finalizar este m\u00f3dulo el participante estar\u00e1 en capacidad de diferenciar los distintos tipos de telescopio y planificar una exitosa sesi\u00f3n observaci\u00f3n.<\/li>\n<li><strong>Astrobiolog\u00eda y vida extraterrestre<\/strong> (10h) Este m\u00f3dulo busca generar una conciencia ambiental sobre lo particular que son las condiciones de la vida para surgir en ambientes planetarios y lo delicado del equilibrio del medio ambiente que se requiere para conservarla en nuestro planeta. Al finalizar este m\u00f3dulo el participante ser\u00e1 capaz de determinar las condiciones necesarias para preservar la vida en nuestro planeta.<\/li>\n<li><strong>Planetarios y la divulgaci\u00f3n de la Astronom\u00eda<\/strong> (10h) Este m\u00f3dulo capacitar\u00e1 a los participantes en el Diplomado en la gesti\u00f3n y presentaci\u00f3n de funciones de Planetario para la socializaci\u00f3n del conocimiento de la Astronom\u00eda. Al finalizar este m\u00f3dulo el estudiante estar\u00e1 en capacidad de conceptualizar, organizar, gestionar y ejecutar una presentaci\u00f3n de planetario.<\/li>\n<li><strong>Observaci\u00f3n Astron\u00f3mica<\/strong> (10h) Este m\u00f3dulo busca capacitar a los participantes en la organizaci\u00f3n de eventos de observaci\u00f3n Astron\u00f3mica. Al finalizar este m\u00f3dulo estar\u00e1 en capacidad de definir el objeto a observar y la configuraci\u00f3n del instrumento que se requiere para desarrollar esta actividad.<\/li>\n<\/ol>\n<p><a href=\"http:\/\/halley.uis.edu.co\/clases\/lnunez\/wp-content\/uploads\/2014\/08\/BsG6f4AIUAAtv0P.jpg\"><img loading=\"lazy\" decoding=\"async\" class=\"alignnone size-medium wp-image-295\" alt=\"BsG6f4AIUAAtv0P\" src=\"http:\/\/halley.uis.edu.co\/clases\/lnunez\/wp-content\/uploads\/2014\/08\/BsG6f4AIUAAtv0P-300x168.jpg\" width=\"300\" height=\"168\" srcset=\"https:\/\/halley.uis.edu.co\/clases\/lnunez\/wp-content\/uploads\/2014\/08\/BsG6f4AIUAAtv0P-300x168.jpg 300w, https:\/\/halley.uis.edu.co\/clases\/lnunez\/wp-content\/uploads\/2014\/08\/BsG6f4AIUAAtv0P.jpg 599w\" sizes=\"auto, (max-width: 300px) 100vw, 300px\" \/><\/a><\/p>\n<h1>El Equipamiento<\/h1>\n<p>La Escuela adem\u00e1s cuenta con la infraestructura f\u00edsica ubicada en el edificio de Ciencias Humanas, un Planetario de 7 metros de di\u00e1metro, varios telescopios port\u00e1tiles, un domo 4.5m que alberga un CDK17 \u00a0con CCD, totalmente computarizado conectado a Internet. Para observaciones solares disponemos de un Coronado SolarMaxII. Un muro de visualizaci\u00f3n para el an\u00e1lisis e interpretaci\u00f3n de im\u00e1genes astron\u00f3micas completa una infraestructura \u00fanica que ser\u00e1 utilizada en los trabajos pr\u00e1cticos y algunas horas TI de los estudiantes del Diplomado.<\/p>\n<p>&nbsp;<\/p>\n<p>&nbsp;<\/p>\n","protected":false},"excerpt":{"rendered":"<p>Justificaci\u00f3n Social La Astronom\u00eda amalgama de forma \u00fanica ciencia y\u00a0 tecnolog\u00eda con la seducci\u00f3n del cosmos. Esta combinaci\u00f3n desempe\u00f1a un papel \u00fanico que impulsa la cultura cient\u00edfico-t\u00e9cnica de la sociedad,\u00a0 creando capacidades promoviendo su desarrollo sostenible. Esta disciplina congrega en &hellip; <a href=\"https:\/\/halley.uis.edu.co\/clases\/lnunez\/?page_id=274\">Sigue leyendo <span class=\"meta-nav\">&rarr;<\/span><\/a><\/p>\n","protected":false},"author":1,"featured_media":0,"parent":0,"menu_order":0,"comment_status":"open","ping_status":"open","template":"","meta":{"_exactmetrics_skip_tracking":false,"_exactmetrics_sitenote_active":false,"_exactmetrics_sitenote_note":"","_exactmetrics_sitenote_category":0,"footnotes":""},"class_list":["post-274","page","type-page","status-publish","hentry"],"_links":{"self":[{"href":"https:\/\/halley.uis.edu.co\/clases\/lnunez\/index.php?rest_route=\/wp\/v2\/pages\/274","targetHints":{"allow":["GET"]}}],"collection":[{"href":"https:\/\/halley.uis.edu.co\/clases\/lnunez\/index.php?rest_route=\/wp\/v2\/pages"}],"about":[{"href":"https:\/\/halley.uis.edu.co\/clases\/lnunez\/index.php?rest_route=\/wp\/v2\/types\/page"}],"author":[{"embeddable":true,"href":"https:\/\/halley.uis.edu.co\/clases\/lnunez\/index.php?rest_route=\/wp\/v2\/users\/1"}],"replies":[{"embeddable":true,"href":"https:\/\/halley.uis.edu.co\/clases\/lnunez\/index.php?rest_route=%2Fwp%2Fv2%2Fcomments&post=274"}],"version-history":[{"count":18,"href":"https:\/\/halley.uis.edu.co\/clases\/lnunez\/index.php?rest_route=\/wp\/v2\/pages\/274\/revisions"}],"predecessor-version":[{"id":301,"href":"https:\/\/halley.uis.edu.co\/clases\/lnunez\/index.php?rest_route=\/wp\/v2\/pages\/274\/revisions\/301"}],"wp:attachment":[{"href":"https:\/\/halley.uis.edu.co\/clases\/lnunez\/index.php?rest_route=%2Fwp%2Fv2%2Fmedia&parent=274"}],"curies":[{"name":"wp","href":"https:\/\/api.w.org\/{rel}","templated":true}]}}