{"id":251,"date":"2014-05-29T16:37:33","date_gmt":"2014-05-29T16:37:33","guid":{"rendered":"http:\/\/halley.uis.edu.co\/clases\/lnunez\/?page_id=251"},"modified":"2015-06-26T14:12:56","modified_gmt":"2015-06-26T14:12:56","slug":"modelo-de-reporte-tecnico-de-investigacion","status":"publish","type":"page","link":"https:\/\/halley.uis.edu.co\/clases\/lnunez\/?page_id=251","title":{"rendered":"Modelo de Reporte T\u00e9cnico de Investigaci\u00f3n"},"content":{"rendered":"<p>Una de las deficiencias m\u00e1s sorprendentes que \u00a0he encontrado entre mis estudiantes es la falta de experiencia\/costumbre para redactar informes t\u00e9cnicos. Dejo un modelito de informe, vale decir una plantilla latex que les pueda servir de gu\u00eda\u00a0<a href=\"http:\/\/halley.uis.edu.co\/clases\/lnunez\/wp-content\/uploads\/2014\/05\/ModeloReporteUIS.zip\">.zip<\/a><\/p>\n","protected":false},"excerpt":{"rendered":"<p>Una de las deficiencias m\u00e1s sorprendentes que \u00a0he encontrado entre mis estudiantes es la falta de experiencia\/costumbre para redactar informes t\u00e9cnicos. Dejo un modelito de informe, vale decir una plantilla latex que les pueda servir de gu\u00eda\u00a0.zip<\/p>\n","protected":false},"author":1,"featured_media":0,"parent":9,"menu_order":0,"comment_status":"open","ping_status":"open","template":"","meta":{"_exactmetrics_skip_tracking":false,"_exactmetrics_sitenote_active":false,"_exactmetrics_sitenote_note":"","_exactmetrics_sitenote_category":0,"footnotes":""},"class_list":["post-251","page","type-page","status-publish","hentry"],"_links":{"self":[{"href":"https:\/\/halley.uis.edu.co\/clases\/lnunez\/index.php?rest_route=\/wp\/v2\/pages\/251","targetHints":{"allow":["GET"]}}],"collection":[{"href":"https:\/\/halley.uis.edu.co\/clases\/lnunez\/index.php?rest_route=\/wp\/v2\/pages"}],"about":[{"href":"https:\/\/halley.uis.edu.co\/clases\/lnunez\/index.php?rest_route=\/wp\/v2\/types\/page"}],"author":[{"embeddable":true,"href":"https:\/\/halley.uis.edu.co\/clases\/lnunez\/index.php?rest_route=\/wp\/v2\/users\/1"}],"replies":[{"embeddable":true,"href":"https:\/\/halley.uis.edu.co\/clases\/lnunez\/index.php?rest_route=%2Fwp%2Fv2%2Fcomments&post=251"}],"version-history":[{"count":7,"href":"https:\/\/halley.uis.edu.co\/clases\/lnunez\/index.php?rest_route=\/wp\/v2\/pages\/251\/revisions"}],"predecessor-version":[{"id":511,"href":"https:\/\/halley.uis.edu.co\/clases\/lnunez\/index.php?rest_route=\/wp\/v2\/pages\/251\/revisions\/511"}],"up":[{"embeddable":true,"href":"https:\/\/halley.uis.edu.co\/clases\/lnunez\/index.php?rest_route=\/wp\/v2\/pages\/9"}],"wp:attachment":[{"href":"https:\/\/halley.uis.edu.co\/clases\/lnunez\/index.php?rest_route=%2Fwp%2Fv2%2Fmedia&parent=251"}],"curies":[{"name":"wp","href":"https:\/\/api.w.org\/{rel}","templated":true}]}}