{"id":116,"date":"2014-02-26T10:02:54","date_gmt":"2014-02-26T10:02:54","guid":{"rendered":"http:\/\/halley.uis.edu.co\/clases\/lnunez\/?page_id=116"},"modified":"2015-10-22T13:03:16","modified_gmt":"2015-10-22T13:03:16","slug":"manipulacion-simbolica-en-maple","status":"publish","type":"page","link":"https:\/\/halley.uis.edu.co\/clases\/lnunez\/?page_id=116","title":{"rendered":"Manipulaci\u00f3n Simb\u00f3lica en Maple"},"content":{"rendered":"<h2>Un par de introducciones a MAPLE<\/h2>\n<ul>\n<li>Introducci\u00f3n al MAPLE (H. Hern\u00e1ndez, <em>Univ de los Andes, M\u00e9rida Venezuela<\/em>) <a title=\"Introducci\u00f3n al MAPLE\" href=\"http:\/\/halley.uis.edu.co\/clases\/lnunez\/wp-content\/uploads\/2014\/02\/IntroduccionMAPLE.pdf\">pdf<\/a>, <a href=\"http:\/\/halley.uis.edu.co\/clases\/lnunez\/wp-content\/uploads\/2014\/02\/introduccionMAPLEmw.zip\">c\u00f3digo<\/a><\/li>\n<li><a href=\"http:\/\/mathserver.neu.edu\/~lovett\/math\/mapletut\/datatype.html\">Maple by Example<\/a><\/li>\n<\/ul>\n<h2>Simulaciones<\/h2>\n<ul>\n<li>Algunas simulaciones para ejercitarse en MAPLE <a href=\"http:\/\/halley.uis.edu.co\/clases\/lnunez\/wp-content\/uploads\/2015\/10\/Simulaciones2015.pdf\">pdf,<\/a> <a href=\"http:\/\/halley.uis.edu.co\/clases\/lnunez\/wp-content\/uploads\/2015\/10\/Simulaciones2015.zip\">c\u00f3digo<\/a><\/li>\n<\/ul>\n","protected":false},"excerpt":{"rendered":"<p>Un par de introducciones a MAPLE Introducci\u00f3n al MAPLE (H. Hern\u00e1ndez, Univ de los Andes, M\u00e9rida Venezuela) pdf, c\u00f3digo Maple by Example Simulaciones Algunas simulaciones para ejercitarse en MAPLE pdf, c\u00f3digo<\/p>\n","protected":false},"author":1,"featured_media":0,"parent":9,"menu_order":0,"comment_status":"open","ping_status":"open","template":"","meta":{"_exactmetrics_skip_tracking":false,"_exactmetrics_sitenote_active":false,"_exactmetrics_sitenote_note":"","_exactmetrics_sitenote_category":0,"footnotes":""},"class_list":["post-116","page","type-page","status-publish","hentry"],"_links":{"self":[{"href":"https:\/\/halley.uis.edu.co\/clases\/lnunez\/index.php?rest_route=\/wp\/v2\/pages\/116","targetHints":{"allow":["GET"]}}],"collection":[{"href":"https:\/\/halley.uis.edu.co\/clases\/lnunez\/index.php?rest_route=\/wp\/v2\/pages"}],"about":[{"href":"https:\/\/halley.uis.edu.co\/clases\/lnunez\/index.php?rest_route=\/wp\/v2\/types\/page"}],"author":[{"embeddable":true,"href":"https:\/\/halley.uis.edu.co\/clases\/lnunez\/index.php?rest_route=\/wp\/v2\/users\/1"}],"replies":[{"embeddable":true,"href":"https:\/\/halley.uis.edu.co\/clases\/lnunez\/index.php?rest_route=%2Fwp%2Fv2%2Fcomments&post=116"}],"version-history":[{"count":6,"href":"https:\/\/halley.uis.edu.co\/clases\/lnunez\/index.php?rest_route=\/wp\/v2\/pages\/116\/revisions"}],"predecessor-version":[{"id":635,"href":"https:\/\/halley.uis.edu.co\/clases\/lnunez\/index.php?rest_route=\/wp\/v2\/pages\/116\/revisions\/635"}],"up":[{"embeddable":true,"href":"https:\/\/halley.uis.edu.co\/clases\/lnunez\/index.php?rest_route=\/wp\/v2\/pages\/9"}],"wp:attachment":[{"href":"https:\/\/halley.uis.edu.co\/clases\/lnunez\/index.php?rest_route=%2Fwp%2Fv2%2Fmedia&parent=116"}],"curies":[{"name":"wp","href":"https:\/\/api.w.org\/{rel}","templated":true}]}}